4040?
2, 3, 5, 11, 137, 8731
What are the prime factors of 3436663732?
2, 673, 1276621
List the prime factors of 70450181.
61, 509, 2269
What are the prime factors of 224842199?
224842199
What are the prime factors of 1275427406?
2, 11, 61, 950393
List the prime factors of 57741833.
57741833
What are the prime factors of 116337619?
116337619
List the prime factors of 1699805650.
2, 5, 757, 44909
List the prime factors of 62260632.
2, 3, 7, 23, 41, 131
List the prime factors of 1752327796.
2, 5171, 84719
What are the prime factors of 473324472?
2, 3, 17, 42967
List the prime factors of 101833476.
2, 3, 373, 22751
List the prime factors of 1634822111.
13, 19, 6618713
List the prime factors of 3845336.
2, 11, 37, 1181
What are the prime factors of 321383964?
2, 3, 11, 2434727
List the prime factors of 131931268.
2, 7, 4711831
What are the prime factors of 1949529289?
23, 71, 1193833
What are the prime factors of 30228357?
3, 41, 245759
List the prime factors of 231371437.
11, 21033767
List the prime factors of 170330868.
2, 3, 1063, 4451
What are the prime factors of 672085278?
2, 3, 173, 215827
List the prime factors of 237331654.
2, 7, 16952261
List the prime factors of 232164477.
3, 19, 227, 5981
List the prime factors of 258780957.
3, 1049, 82231
List the prime factors of 26920212.
2, 3, 11, 23, 8867
What are the prime factors of 5219997528?
2, 3, 19, 11447363
List the prime factors of 104109316.
2, 23, 49201
List the prime factors of 189011439.
3, 719, 29209
List the prime factors of 278222766.
2, 3, 23, 2016107
List the prime factors of 495345601.
495345601
List the prime factors of 221613131.
19, 47, 248167
What are the prime factors of 130822284?
2, 3, 10901857
What are the prime factors of 638062628?
2, 7, 4129, 5519
List the prime factors of 1469959833.
3, 19, 67, 384907
List the prime factors of 35981515.
5, 7196303
What are the prime factors of 270401383?
7, 3541, 10909
List the prime factors of 113555335.
5, 22711067
What are the prime factors of 50173995?
3, 5, 73, 45821
What are the prime factors of 29231413?
23, 857, 1483
List the prime factors of 95067067.
95067067
What are the prime factors of 249667604?
2, 62416901
List the prime factors of 67122296.
2, 8390287
What are the prime factors of 2340864549?
3, 86698687
List the prime factors of 576664173.
3, 109, 587833
What are the prime factors of 495384854?
2, 43, 5760289
What are the prime factors of 39866246?
2, 7, 43, 47, 1409
What are the prime factors of 169213199?
1423, 118913
What are the prime factors of 226790002?
2, 113395001
What are the prime factors of 1536743844?
2, 3, 107, 223, 1789
List the prime factors of 47944647.
3, 5327183
What are the prime factors of 7759299640?
2, 5, 53, 557, 6571
What are the prime factors of 15958074?
2, 3, 11, 43, 5623
What are the prime factors of 922208911?
13, 17, 1931, 2161
What are the prime factors of 768295593?
3, 13, 6566629
What are the prime factors of 202741565?
5, 13, 71, 197, 223
List the prime factors of 800131640.
2, 5, 7, 11, 259783
What are the prime factors of 556407250?
2, 5, 7, 53, 857
What are the prime factors of 355046649?
3, 17, 6961699
What are the prime factors of 3307845201?
3, 257, 4290331
What are the prime factors of 502400460?
2, 3, 5, 1667, 5023
What are the prime factors of 1992559945?
5, 16693, 23873
List the prime factors of 78319919.
19, 31, 132971
List the prime factors of 128658607.
7, 11, 1670891
List the prime factors of 476005896.
2, 3, 244859
List the prime factors of 86813698.
2, 19, 571, 4001
List the prime factors of 49776706.
2, 7, 41, 86719
List the prime factors of 625641217.
625641217
List the prime factors of 686383897.
269, 677, 3769
List the prime factors of 186398997.
3, 41, 103, 14713
What are the prime factors of 5678833950?
2, 3, 5, 487, 25913
List the prime factors of 734886329.
734886329
What are the prime factors of 50770121?
67, 757763
What are the prime factors of 142104480?
2, 3, 5, 7, 42293
What are the prime factors of 20362329?
3, 13, 79, 2203
What are the prime factors of 4421610874?
2, 227, 1847, 5273
What are the prime factors of 101437376?
2, 1584959
List the prime factors of 85429547.
7, 12204221
What are the prime factors of 15037505?
5, 7, 429643
What are the prime factors of 314147313?
3, 34905257
List the prime factors of 509811710.
2, 5, 67, 760913
List the prime factors of 668433295.
5, 47, 2844397
What are the prime factors of 153051598?
2, 7, 53, 79, 373
List the prime factors of 693810551.
7, 14159399
What are the prime factors of 119311355?
5, 17, 19, 73877
What are the prime factors of 2371774593?
3, 790591531
List the prime factors of 1179469934.
2, 577, 1022071
List the prime factors of 16209368.
2, 7, 289453
List the prime factors of 1095775558.
2, 127, 1327, 3251
List the prime factors of 48709102.
2, 13, 59, 113, 281
What are the prime factors of 678067325?
5, 13, 2086361
List the prime factors of 15314561.
15314561
What are the prime factors of 1067796882?
2, 3, 59322049
What are the prime factors of 646606449?
3, 41, 89, 6563
What are the prime factors of 107547383?
59, 1822837
What are the prime factors of 62952759?
3, 6994751
List the prime factors of 139724170.
2, 5, 251, 55667
List the prime factors of 658002868.
2, 673, 244429
List the prime factors of 632238226.
2, 131, 2413123
What are the prime factors of 20795289?
3, 23, 301381
What are the prime factors of 6278422327?
6278422327
What are the prime factors of 1228443402?
2, 3, 3253, 62939
What are the prime factors of 510215615?
5, 7, 13, 73, 15361
List the prime factors of 148330980.
2, 3, 5, 7, 39241
What are the prime factors of 38293470?
2, 3, 5, 179, 2377
List the prime factors of 257023362.
2, 3, 127, 337301
What are the prime factors of 415017005?
5, 13, 17, 22093
What are the prime factors of 195648086?
2, 6971, 14033
List the prime factors of 183851470.
2, 5, 11, 1021, 1637
List the prime factors of 780851960.
2, 5, 7, 139, 20063
What are the prime factors of 23176758?
2, 3, 11, 433, 811
List the prime factors of 1360417925.
5, 41, 1327237
What are the prime factors of 553145368?
2, 479, 144349
What are the prime factors of 2094715773?
3, 232746197
List the prime factors of 19722583.
19722583
What are the prime factors of 884535437?
884535437
List the prime factors of 180646288.
2, 11290393
List the prime factors of 9244758.
2, 3, 23, 31, 2161
List the prime factors of 3322017441.
3, 41012561
What are the prime factors of 160848919?
7, 11, 457, 653
What are the prime factors of 252022309?
7, 11, 67, 4441
What are the prime factors of 22658638?
2, 11329319
List the prime factors of 578542331.
157, 1117, 3299
What are the prime factors of 88306505?
5, 7, 2523043
List the prime factors of 1131841636.
2, 282960409
What are the prime factors of 2672498948?
2, 7, 67, 1424573
List the prime factors of 114757929.
3, 11, 13, 19
List the prime factors of 847018484.
2, 13, 16288817
List the prime factors of 2047399620.
2, 3, 5, 7, 911, 5351
List the prime factors of 38214617.
7, 541, 10091
List the prime factors of 361697949.
3, 40188661
What are the prime factors of 123001913?
127, 968519
List the prime factors of 345078851.
13, 26544527
What are the prime factors of 83152857?
3, 71, 390389
What are the prime factors of 6707582231?
7, 29, 33042277
List the prime factors of 111575688.
2, 3, 7, 664141
List the prime factors of 47443934.
2, 719, 32993
List the prime factors of 754306417.
89, 571, 14843
List the prime factors of 104815848.
2, 3, 677, 6451
List the prime factors of 8610659.
8610659
What are the prime factors of 5000408926?
2, 29, 7121, 12107
List the prime factors of 1317024952.
2, 17, 1579, 6133
What are the prime factors of 13935385?
5, 103, 27059
What are the prime factors of 101921585?
5, 20384317
List the prime factors of 905555345.
5, 47, 3853427
List the prime factors of 7900148962.
2, 10111, 390671
List the prime factors of 1315653669.
3, 11, 73, 182047
What are the prime factors of 14978998?
2, 109, 68711
What are the prime factors of 380871111?
3, 17, 7468061
List the prime factors of 927158042.
2, 197, 2353193
List the prime factors of 31167015.
3, 5, 11, 188891
What are the prime factors of 127223648?
2, 17, 97, 2411
What are the prime factors of 5163560767?
51635